-10 + 0
-1
What is (-7 + 12 - 34) + 19 + -9?
-19
What is 3 + -1 - (-4 - ((32 - 14) + 3))?
27
What is the value of 33 - (33 - (46 + -17))?
29
What is (0 + -4 - 11 - 8) + (-2 - 0)?
-25
7 + -5 + 10 - (6 - 2) - 6
2
Evaluate 24 + (8 - 15) + (-6 - -1 - -2).
14
(10 - (8 - 6)) + 5 + (2 - -7)
22
What is the value of -20 + 45 - (-21 + 48)?
-2
Evaluate -32 + (23 - 17) + 45.
19
What is the value of 5 - (14 - ((13 - 3) + -5))?
-4
Evaluate (8 + -15 - -12) + (3 + 1 - 9).
0
What is 10 - (-2 + -2 - -13)?
1
Evaluate 9 + (-2 + (-2 - -15) - 7).
13
Calculate 185 + -182 + (0 - 0) - (1 - 4).
6
What is -5 - ((-10 - -5) + 1) - (-4 - -8)?
-5
-30 - ((-4 - (-8 + 1)) + -17)
-16
-16 + (33 - 32) - 7
-22
-5 + (-27 - -28) - (6 - 1)
-9
What is the value of 12 + 8 + -40 - (-7 + 0 + 0)?
-13
Evaluate -141 + 156 + -29 + 1 + -3.
-16
What is the value of -42 - (32 + -27 - 35)?
-12
What is the value of -251 - -248 - (2 + -1 - (-6 + 10))?
0
What is the value of -3491 - -3484 - (-21 + -1 - 1) - 12?
4
(14 - 2) + -45 + 42
9
Calculate -2 + -19 + 13 + 28.
20
(-25 - -15 - (0 - 12)) + -7
-5
Evaluate 4 + (-3 + 0 + -10 - 7).
-16
Evaluate 4 + -13 + 24 - 19.
-4
What is the value of 26 - (-30 + 49) - 14?
-7
What is the value of -12 + 19 + -16 + 5?
-4
Evaluate (2 - 2) + (-6 - -2) - (-137 + 165).
-32
What is (2 - (18 + -34) - 13) + -33 + 1?
-27
Calculate -8 + 2 + -3 + 5 + -2.
-6
What is (18 - 40) + 21 - (2 + -2 + -5)?
4
(40 - -3 - 26) + 7 + -2
22
Evaluate 26 - (10 + 0 + -3).
19
Evaluate -24 + (14 - 18) + 37.
9
Calculate 134 - 130 - (-5 + -2).
11
What is the value of 24 + -3 + 10 + -14 - 8?
9
What is the value of 3 + ((-4 - 4) + 4 - (13 - 2))?
-12
Calculate -5495 + 5508 + (1 - (0 + 20)).
-6
What is the value of (-8 - (-5 + 9) - -3 - -4) + -8?
-13
(-17 - (0 - 20)) + -26 + 4 - 6
-25
Calculate -26 - -2 - (-175 - -160).
-9
What is the value of 2 - (-14 - (3 - 0) - (-30 + 27))?
16
Evaluate (-30 - (-12 - 23)) + 0 + 10.
15
15 + (-30 - (3 + -5))
-13
What is the value of 3 + -5 + 10 + (-45 - -48) - 7?
4
What is the value of (-26 - (2 + -19)) + -21 + (0 - -7)?
-23
Calculate 9 + (-4 - 9) + 12.
8
1 - (7 - -2 - 5 - 14)
11
What is (-34 + 51 - 61) + 24?
-20
What is the value of (8 - (13 - -1)) + (2 - 4 - 9)?
-17
Evaluate (14 - (2 - -2 - -1)) + -35 + 5.
-21
What is the value of -32 + -25 + 14 + 64?
21
Evaluate -8 + -4 + 10 + -1 - -3.
0
What is the value of 2 + -3 - (-1 + (-15 - -7 - -9))?
-1
(1 - (1 + -3)) + 0 - (-46 - -59)
-10
Calculate 2 + (-14 - -6) + 3.
-3
What is 1 - -24 - (-885 + 888)?
22
Calculate 9 - ((-17 - -10 - -12) + 4).
0
-40 + 15 - -9 - -10
-6
Evaluate -6 + 0 + (-63 - -74) + -5 + -1.
-1
What is the value of (10 - (1 + -3)) + -198 + 202?
16
Evaluate 13 - (6 - (-15 - 29)) - -9.
-28
13 - 1 - 8 - -5 - (-2 - -4)
7
What is (9 - ((-11 - -16) + 21)) + 1 + -3?
-19
Calculate 1 + -32 - 2 - -23.
-10
What is -15 - (19 + -13 + -6)?
-15
Evaluate (-32 + 31 - (5 + -10)) + -5.
-1
What is the value of 5 + 13 + -8 + -6?
4
What is the value of 14 + -12 + 0 - 10?
-8
Calculate -2 + -10 + (10 - 1) + 9.
6
What is the value of 1 + -2 + (-38 - -49) + 7?
17
What is -6 + 0 + -931 + 921?
-16
Calculate (0 - -18) + (381 - 398).
1
What is the value of -1 + 19 - (206 - 192)?
4
What is the value of -8 - -5 - -8 - -2 - 29?
-22
-1 - 7 - (-129 + 111)
10
Calculate -4 - (9 + (-1 - -1 - -7)).
-20
-1 + -4 - 8 - -2
-11
What is 24 + -12 + -16 + 11?
7
3 + -17 - (51 - 56)
-9
Evaluate -17 - (-46 - (15 - (17 - 2))).
29
(-16 - -1) + -103 + 115
-3
-8 + -8 + (-70 - -73)
-13
What is the value of 30 + (0 + -47 - -27)?
10
Evaluate (-2 + -15 - (-34 + 35)) + 36.
18
4 + 11 + 20 + -29
6
Evaluate -32 - (-27 + -5 + 22).
-22
Calculate (2 - -24 - 0) + -7 + 0 + -4.
15
27 + (-10 - (11 + (18 - 47)))
35
Calculate (79 + -20 - 34) + -51.
-26
What is -6 + (16 + -1 - 9) - (6 - 2)?
-4
Evaluate (-7 - 8) + (4 - (17 + -40)).
12
(4 - 5) + -12 + -1 + -2 + 11
-5
-18 + 9 - (1 + -8) - 3
-5
(17 - 11) + -2 - 17
-13
What is (2 - (-9 + 10 + 6)) + 19?
14
Calculate -3 - (3 + -6 + -3 + 152 + -162).
13
Calculate 18 + -25 - (-9 + (-8 - -8)).
2
What is -72 + 67 - (-28 + 0) - 7?
16
0 - (10 + 3 + -25) - 4
8
What is the value of (19 - 7) + (-16 - -7)?
3
Evaluate -16 - ((-11 - -14) + -18) - 7.
-8
Calculate 16 - (15 + -15 + 23).
-7
What is the value of (7 - 5 - (-2 + -5)) + -3?
6
0 - ((-4 - -7) + -8 + -15)
20
What is the value of -7 - -1 - (15 - 35) - 8?
6
11 + -28 + 5 + 5
-7
-13 + (9 - -10) + -2
4
Evaluate (-1151 - -1135) + 54 + -2 + -1.
35
What is 4 + -17 - -3 - 26?
-36
What is 7 - 1 - (1 + -3 - (1 - 2))?
7
9 - (-5 - (7 - -1 - 14 - 2))
6
What is the value of -5 - (0 + (4 - 3)) - (8 - 10)?
-4
Calculate -4 + (-14 + 15 - -1).
-2
Calculate (8 - 4) + (2 + 2 - (-60 - -83)).
-15
What is the value of (4 - -1 - (4 + 12)) + -1?
-12
Evaluate 7 - (-4 - (-34 - 3)) - -7.
-19
What is -9 - (-5 + 1 - (-7 - -9))?
-3
What is the value of (17 + -13 - 1) + 16?
19
Calculate -18 + 3 + (-24 - -27) + 0 + 1.
-11
17 + 8 + (15 - 19 - 0)
21
-3 + -9 + 2 - 1
-11
Calculate 10 - (-11 + (-12 - -30) + 2).
1
-4 - (-4 + 3 - 8) - (-1 + 22)
-16
Calculate (9 - 6) + -8 + 12 - 5.
2
13 + (-30 - -13) + (0 - -2 - 2)
-4
Calculate 18 + 25 + -32 - (13 - 2).
0
Calculate -12 - -2 - -19 - 21.
-12
What is -5 + (5 - ((1 - -5) + 0))?
-6
-2 + 2 - (6 - (-6 - -4))
-8
What is (-3 - 11) + 20 - (-2 + 8)?
0
Evaluate -17 + 16 + -1 + (1 - 7) - -2.
-6
6 - (-8 - (1 + -10)) - (-13 - -3)
15
What is -13 + 47 - (1 + 12)?
21
Evaluate 4 - -3 - (-8 - -1 - (28 + -36)).
6
Calculate (-20 - (3 - (-1 - (3 - 7)))) + 6.
-14
Evaluate -22 - (6 + -5 + (-3 - -3) + -2).
-21
What is (-1 - 16) + -38 + 63 + -36?
-28
What is (-1 - (-4 + 0)) + (-56 - -62)?
9
What is the value of -5 - -5 - 1 - (0 - (-4 - -3))?
-2
What is the value of 6 + -1 + (-7 + 4 - -1)?
3
What is the value of -7 + (7 + -12 + 21 - 5)?
4
What is the value of (3 - -36 - 62) + (-1 - -10)?
-14
5 + -9 + 8 + -8 - -6
2
Evaluate -22 + -5 + 18 + -1.
-10
What is the value of -10 - -15 - -27 - 19?
13
Evaluate 6 + (-6 - (8 + (2 - -5) + -22)).
7
(0 - -5) + (-11 - -20)
14
Calculate (-7 + 1 - -6) + -2 + -9 + 3.
-8
What is (11 + -12 - -6) + (-2 - 3)?
0
Calculate -5 - -22 - (-3 + 7 + 17 + -26).
22
What is the value of (2 + -8 - (-80 - -67)) + (1 - -7)?
15
Calculate 71 + -66 + (0 + 4 - -3).
12
What is the value of (0 - 1 - -12) + (-21 + 32 - 16)?
6
Calculate 400 + -415 + (1 - -2) + 0 + -1.
-13
Evaluate 16 - (-3 + 6 + -15 + 13 + -4).
19
Evaluate -21 - (-8 + -12 - -14).
-15
(9 - 2) + (-4 - 1) + -11 + 4
-5
(-12 - (-16 - -10)) + -10
-16
What is 63 + -33 - (0 - 2 - (-4 - 3))?
25
What is the value of 19 + -11 + (-3 - -7) - 17 - 5?
-10
What is -5 + (10 - (-3 - 2)) + (5 - 9)?
6
What is the value of 8 - (27 - 4) - -3?
-12
Evaluate 7 + (23 - 53) - -23.
0
124 - 148 - ((-2 - 0) + (-2 - -5))
-25
-17 + 0 + (-27 - -38)
-6
15 - -5 - 12 - (-2 + 21)
-11
Evaluate 18 - (3 - -26 - 4).
-7
What is 1 - -17 - (-2 + (-10 - (-3 + -6)))?
21
Evaluate -1 - 10 - (-6 + 6).
-11
Evaluate -10 - (-22 - -9) - 2.
1
Calculate -47 + 57 + -21 - (-24 + 1).
12
Evaluate 13 - 15 - (2 - -1).
-5
Calculate 0 - 9 - (27 + -36).
0
-20 + 16 - (-3 + 0)
-1
Calculate (-1 - 19 - (26 - 23)) + 9 + 3.
-11
What is 3 + -7 + 6 + 0 + -5?
-3
Calculate 5 - (8 + -6 + 7 + -7).
3
What is the value of -9 + 2 + (6 - 9) - 2?
-12
What is 18 - (-10 - (26 - 42))?
12
What is the value of (-8 - (-1 + 1 + -5)) + (87 - 102)?
-18
What is the value of 9 - (17 - (45 - 26))?
11
(0 - -6 - 1) + 12 + -10 - -15
22
What is the value of 2 + -10 + (9 + (-25 - -1) - -4)?
-19
Evaluate 8 + -19 - -25 - -17.
31
What is the value of -10 - (-3 + (-3 - -11) + -8)?
-7
Evaluate -8 - (-32 - -36 - (10 - -1)).
-1
-8 + 2 - (5 + 18 + (0 - 2))
-27
What is the value of -32 - -43 - (21 - -1)?
-11
What is the value of 3 + -32 + -2 + 24?
-7
Evaluate (-1 - 1) + 9 - (576 - 537) - 1.
-33
Calculate 4 + (7 - 10) + -5 + 1.
-3
2 - 17 - 2 - (-1111 + 1095)
-1
Calculate 0 + -4 + 4 + (3 - 3) + -15.
-15
-8 - 19 - 7 - -17
-17
Evaluate 4 - (1 + -11 + (-19 - -18)).
15
13 - (-20 - -19) - (2 - (-1 - 1))
10
Evaluate 1 + (3 + -11 - -6 - -7 - 6).
0
Calculate 0 + 8 + (-11 + 9 - (1 - -33)).
-28
Calculate -10 + (18 - 16 - -31).
23
What is the value of (-5 + 12 - -7) + -1?
13
Calculate (0 - -1) + (92 - 132) - -15.
-24
What is ((-1 - -5) + (40 - 53) - -14) + -23?
-18
Evaluate (1 - -2) + -1 - (-22 - -17).
7
What is 3 - (-1 + (15 - 7) + -4)?
0
What is the 